 factors of 230809.
17, 13577
What are the prime factors of 443646?
2, 3, 7, 503
What are the prime factors of 611960?
2, 5, 15299
List the prime factors of 416119.
11, 19, 181
List the prime factors of 494815.
5, 98963
What are the prime factors of 70807?
11, 41, 157
What are the prime factors of 20993846?
2, 10496923
What are the prime factors of 750909?
3, 43, 5821
List the prime factors of 137538.
2, 3, 283
What are the prime factors of 430580?
2, 5, 21529
What are the prime factors of 948082?
2, 109, 4349
List the prime factors of 134352.
2, 3, 311
List the prime factors of 3235662.
2, 3, 19, 9461
List the prime factors of 4878836.
2, 41, 71, 419
List the prime factors of 11140734.
2, 3, 11, 59, 2861
What are the prime factors of 299036?
2, 74759
What are the prime factors of 1857673?
1857673
What are the prime factors of 1505265?
3, 5, 17, 5903
List the prime factors of 8311040.
2, 5, 43, 151
What are the prime factors of 318924?
2, 3, 2953
List the prime factors of 5479745.
5, 73, 15013
List the prime factors of 2749056.
2, 3, 7159
List the prime factors of 846129.
3, 131, 2153
List the prime factors of 255932.
2, 109, 587
List the prime factors of 17250168.
2, 3, 13, 4253
What are the prime factors of 1117339?
1013, 1103
What are the prime factors of 12228?
2, 3, 1019
What are the prime factors of 323233?
323233
List the prime factors of 14065060.
2, 5, 757, 929
What are the prime factors of 210837?
3, 11, 6389
List the prime factors of 132634.
2, 17, 47, 83
What are the prime factors of 25736481?
3, 233, 4091
What are the prime factors of 3789751?
7, 47, 11519
What are the prime factors of 581690?
2, 5, 58169
List the prime factors of 2813178.
2, 3, 19, 24677
What are the prime factors of 2337510?
2, 3, 5, 7, 11131
List the prime factors of 5989180.
2, 5, 19, 15761
List the prime factors of 34095.
3, 5, 2273
What are the prime factors of 2877895?
5, 575579
What are the prime factors of 1103974?
2, 557, 991
List the prime factors of 3119484.
2, 3, 47, 5531
List the prime factors of 141121.
141121
List the prime factors of 164214.
2, 3, 3041
What are the prime factors of 372018?
2, 3, 62003
List the prime factors of 803424.
2, 3, 8369
What are the prime factors of 179302?
2, 37, 2423
What are the prime factors of 406420?
2, 5, 7, 2903
List the prime factors of 673277.
11, 97, 631
List the prime factors of 234240.
2, 3, 5, 61
What are the prime factors of 12483622?
2, 6241811
What are the prime factors of 2639944?
2, 329993
What are the prime factors of 3932073?
3, 433, 1009
What are the prime factors of 28540147?
19, 29, 51797
List the prime factors of 7395309.
3, 47, 17483
List the prime factors of 183161.
11, 16651
What are the prime factors of 104949?
3, 13, 23
What are the prime factors of 24819?
3, 8273
What are the prime factors of 310274?
2, 155137
List the prime factors of 37754022.
2, 3, 1051, 5987
What are the prime factors of 11836236?
2, 3, 239, 4127
List the prime factors of 116650.
2, 5, 2333
What are the prime factors of 835434?
2, 3, 191
What are the prime factors of 856073?
856073
What are the prime factors of 2591411?
29, 193, 463
List the prime factors of 14127872.
2, 11, 29, 173
What are the prime factors of 57390?
2, 3, 5, 1913
What are the prime factors of 2952550?
2, 5, 59051
List the prime factors of 593685.
3, 5, 79, 167
List the prime factors of 9336683.
9336683
What are the prime factors of 247874?
2, 11, 19, 593
What are the prime factors of 1902026?
2, 7, 135859
List the prime factors of 328769.
7, 67, 701
List the prime factors of 1140689.
11, 103699
List the prime factors of 996630.
2, 3, 5, 139, 239
What are the prime factors of 19487789?
37, 193, 2729
What are the prime factors of 257657?
257657
What are the prime factors of 1034578?
2, 517289
List the prime factors of 153575.
5, 6143
What are the prime factors of 6429153?
3, 2143051
What are the prime factors of 14248705?
5, 2849741
What are the prime factors of 288300?
2, 3, 5, 31
What are the prime factors of 8624350?
2, 5, 7, 41, 601
What are the prime factors of 7721860?
2, 5, 386093
List the prime factors of 1117636.
2, 13, 21493
What are the prime factors of 2226369?
3, 313, 2371
What are the prime factors of 254046?
2, 3, 13, 3257
What are the prime factors of 109142?
2, 11, 41
What are the prime factors of 59621?
59621
What are the prime factors of 74851?
7, 17, 37
What are the prime factors of 528264?
2, 3, 11, 23, 29
List the prime factors of 188116.
2, 131, 359
List the prime factors of 1389164.
2, 7, 49613
What are the prime factors of 6792549?
3, 2264183
List the prime factors of 93427.
93427
What are the prime factors of 30645290?
2, 5, 13, 19, 653
List the prime factors of 932712.
2, 3, 11, 3533
List the prime factors of 344401.
479, 719
What are the prime factors of 2660520?
2, 3, 5, 22171
What are the prime factors of 82288?
2, 37, 139
List the prime factors of 12376357.
7, 17, 104003
List the prime factors of 1007758.
2, 503879
What are the prime factors of 599906?
2, 19, 15787
What are the prime factors of 1140056?
2, 31, 4597
What are the prime factors of 13070455?
5, 503, 5197
List the prime factors of 643418.
2, 321709
List the prime factors of 297663.
3, 313, 317
List the prime factors of 79294.
2, 41, 967
List the prime factors of 4086009.
3, 107, 4243
List the prime factors of 153037.
43, 3559
What are the prime factors of 320421?
3, 29, 127
List the prime factors of 2002073.
17, 29, 31, 131
What are the prime factors of 16584304?
2, 11, 94229
List the prime factors of 610842.
2, 3, 101807
What are the prime factors of 1715322?
2, 3, 7, 40841
What are the prime factors of 5250377?
11, 31, 89, 173
What are the prime factors of 338006?
2, 169003
What are the prime factors of 33194?
2, 7, 2371
What are the prime factors of 7463395?
5, 101, 14779
List the prime factors of 53449.
11, 43, 113
What are the prime factors of 7550165?
5, 7, 30817
What are the prime factors of 4527062?
2, 2263531
List the prime factors of 541102.
2, 270551
What are the prime factors of 6702710?
2, 5, 7, 13679
List the prime factors of 98137.
13, 7549
What are the prime factors of 115192?
2, 7, 11, 17
List the prime factors of 19637531.
101, 194431
What are the prime factors of 13212764?
2, 23, 143617
What are the prime factors of 1144470?
2, 3, 5, 38149
List the prime factors of 18092979.
3, 47, 42773
What are the prime factors of 6470044?
2, 7, 311, 743
What are the prime factors of 3203687?
79, 107, 379
What are the prime factors of 1072391?
29, 36979
List the prime factors of 1569286.
2, 19, 61, 677
List the prime factors of 4493180.
2, 5, 271, 829
What are the prime factors of 16614023?
16614023
What are the prime factors of 2323739?
11, 151, 1399
What are the prime factors of 3465791?
7, 495113
List the prime factors of 1155621.
3, 29, 37, 359
What are the prime factors of 2894572?
2, 61, 11863
List the prime factors of 806769.
3, 17, 5273
List the prime factors of 6659007.
3, 47, 83, 569
List the prime factors of 1744350.
2, 3, 5, 29, 401
What are the prime factors of 801186?
2, 3, 67, 1993
List the prime factors of 217098.
2, 3, 7, 1723
List the prime factors of 3221415.
3, 5, 17, 4211
List the prime factors of 157799.
157799
What are the prime factors of 6169900?
2, 5, 11, 71, 79
What are the prime factors of 438365?
5, 73, 1201
What are the prime factors of 11213412?
2, 3, 7, 133493
List the prime factors of 224293.
211, 1063
What are the prime factors of 1070692?
2, 7, 38239
What are the prime factors of 525020?
2, 5, 26251
What are the prime factors of 1591602?
2, 3, 31, 43, 199
What are the prime factors of 156800?
2, 5, 7
What are the prime factors of 6136519?
6136519
List the prime factors of 5891975.
5, 235679
List the prime factors of 1275594.
2, 3, 29, 7331
What are the prime factors of 294599?
67, 4397
List the prime factors of 20301428.
2, 7, 59, 12289
What are the prime factors of 766440?
2, 3, 5, 2129
What are the prime factors of 238837?
238837
List the prime factors of 200696.
2, 25087
List the prime factors of 47276.
2, 53, 223
What are the prime factors of 1810548?
2, 3, 19, 2647
What are the prime factors of 7250?
2, 5, 29
What are the prime factors of 2844351?
3, 53, 67, 89
List the prime factors of 10567794.
2, 3, 1761299
W